pose -h = g - 1366, -2*g + 2*h + 2712 = -0*g. Is g a composite number?
False
Let u(z) = 4*z**3 - 7*z**2 + 3*z**3 - 6*z**3 + 6*z + 4. Let y be u(6). Suppose y*w - 3*c = 314, w - 3*c + 2*c - 79 = 0. Is w composite?
True
Let o(v) = 8*v**2 - v + 3. Is o(4) prime?
True
Let i = 628 - 355. Suppose 770 = 2*h - 7*h. Let j = h + i. Is j a prime number?
False
Let d = -210 - -134. Let h = d + 191. Is 0 + h + 0/1 a prime number?
False
Suppose h + 12 = -3*h, h + 67 = 2*c. Suppose 2*p = -2 + c. Is p composite?
True
Suppose 4*i - 21 - 87 = 0. Let g = -5 + i. Is (g/(-4))/(1/(-10)) a prime number?
False
Let r be ((-66)/5)/(3/(-20)). Suppose -575 = -i - r. Is i a composite number?
False
Suppose -4*a = 4 + 12, j - 8 = 4*a. Suppose 3*s - 157 = -5*r, 3*r + 95 + 110 = 5*s. Is 211/11 + j/s a prime number?
True
Suppose -3648 = -4*z + v, -5*z - 3*v + 4585 = 2*v. Is z prime?
False
Suppose x = 0, -x = j - 6*j + 45. Is 1276/10 - j/15 a prime number?
True
Suppose -15*p + 381 = -12*p. Is p a prime number?
True
Let k(o) = -o**3 + 6*o**2 + 3. Let p be k(6). Suppose 5*b = -20, p*h = 2*b + b + 3159. Is h a prime number?
True
Let r(d) = -24*d - 5. Is r(-8) prime?
False
Suppose 0 = 3*p - 7514 + 2537. Is p/4 - (-10)/40 composite?
True
Let j be (-1 + 4/3)*0. Suppose -2*v + 740 + 104 = j. Is v a prime number?
False
Suppose 3*a - 2*n - 1047 - 2442 = 0, -2*n = -a + 1159. Is a a composite number?
True
Let f = -5 - -3. Let d = f - -39. Is d a composite number?
False
Let u(m) = 131*m**3 - m**2 + 2*m - 1. Suppose 2*x - 2 = 2. Let a be u(x). Is a/27 - 2/(-9) a composite number?
True
Let x(a) = -a**2 - 5*a + 3. Let o be x(-5). Suppose 5*h - 366 = o*h. Is h composite?
True
Let i = -252 + 430. Is i a prime number?
False
Suppose -s + 17 = 3*w, 5*s = 5*w - 3*w + 51. Suppose -170 = -s*u + 6*u. Is u prime?
False
Suppose 2*o + 4*t = 898, 0*o + 4*o = 2*t + 1796. Is o prime?
True
Suppose 2*f + 0 - 46 = -4*g, 3*f = 2*g + 69. Let h = f - 51. Let z = 41 + h. Is z a composite number?
False
Suppose 259 = o - 3*s, 4*o - 2*s + s - 1036 = 0. Is o a prime number?
False
Suppose w = 2*w - 120. Let d = -23 + w. Is d composite?
False
Suppose 2*z + 27 = -111. Is -3 + (2 + -1 - z) prime?
True
Suppose 2*g + 3*g - 1035 = 0. Let f = -112 + g. Is f composite?
True
Let j(l) = 6*l**2 - 8*l - 1. Is j(8) prime?
False
Suppose -3*j = -5*q - 27, 4*q - 4*j + 20 = -0*q. Let x(p) = 5*p**2 - 6*p - 5. Is x(q) a prime number?
True
Suppose 2*u - 13 = -1. Let j = -3 + u. Suppose 3*n - n - 3*i - 89 = 0, -j*i = 15. Is n prime?
True
Let d(g) = -4*g - 39 + 10*g + 6*g**2 + 34. Is d(3) prime?
True
Let z(m) = -m + 1. Let k be z(-1). Let t(i) = i + 1. Let c be t(2). Suppose c*p - 3*l - 66 = 0, 5 = -p + k*l + 30. Is p prime?
True
Suppose -2*q = 4*x + 2*q + 16, 0 = 5*x - 2*q - 8. Let h = 0 + x. Suppose h*j + 220 = 3*n - 5*j, -n + 4*j + 85 = 0. Is n a composite number?
True
Suppose -4*k - 4*o = 0, 3*o + 8 = 5*k + 4*o. Suppose 0*t + k*t = 10, 2*a - 5*t = 229. Is a a prime number?
True
Suppose 5*p = 7 + 23. Let w(z) = z - 5. Let n(g) = 3*g - 10. Let f(m) = 2*n(m) - 5*w(m). Is f(p) a composite number?
False
Suppose -5*z = -3*m + 98, 242 - 68 = 5*m - 3*z. Suppose 4*n - 5*n = -55. Let f = n - m. Is f prime?
True
Suppose -15 = -3*f - 2*n, 3*n + 5 = f - 0. Suppose 2*g - 2*v - 1144 = 0, -g - g + 1141 = -f*v. Is g prime?
False
Suppose 0 = 2*p - 4*d - 24, -p = -d - 0 - 9. Suppose 2 = -2*t - p. Is (-2)/t + (-762)/(-4) a composite number?
False
Suppose -n + 0 + 5 = 0. Suppose -o = 3*u + 4, 2*o + 2 + 1 = -n*u. Is o a composite number?
False
Let n(r) = 2*r + 16. Let z be n(-6). Suppose s - 544 = -o, -s = 5*o - z*s - 2744. Is o a composite number?
False
Suppose 4*t + g - 267 = -0*g, 0 = -3*t + g + 202. Is t prime?
True
Let i(a) = 74*a**2 + a - 1. Is i(1) composite?
True
Let w(k) = k**2 - k. Let g(u) = -4*u**2 - 5*u + 2. Let l(d) = g(d) + 3*w(d). Is l(-6) prime?
False
Suppose 2 + 4 = 2*o. Suppose 3 = 2*c + 9, 277 = 4*i - o*c. Suppose -b = -0*b - i. Is b composite?
False
Let v = -1562 + 3463. Is v composite?
False
Let p = 10 - 14. Let h be (-2)/p - (-15)/6. Suppose 188 = 5*c + 5*m - 4*m, -105 = -h*c + 2*m. Is c a prime number?
True
Let c(s) be the first derivative of -4 + 2/3*s**3 + 5*s - s**2. Is c(-6) a prime number?
True
Let x be (-2)/5*(-10)/(-2). Let k(g) = g**2 + 6*g + 9. Let y(d) = -d**2 - d - 1. Let p(m) = x*y(m) - k(m). Is p(-6) composite?
False
Suppose 0 = 3*v + u - 7763, 4*u - u + 2581 = v. Is v composite?
True
Let k(g) be the second derivative of g**3/2 - 13*g**2/2 - g. Suppose 0 = -f - 3*z + 21, -z + 2*z = 2*f - 14. Is k(f) prime?
False
Suppose 2*z = -z - h + 10, 5*h - 10 = -5*z. Let g = -1 - z. Is (-1 + -1 + g)*-3 prime?
False
Suppose -h - 44040 = -6*h + 5*m, 35277 = 4*h + 5*m. Is h a composite number?
True
Let x(k) = 314*k**2 - k + 1. Is x(-2) a prime number?
True
Let x(z) = z + 4. Suppose q + 0 = -4. Let c be x(q). Suppose c = 4*p - 737 + 245. Is p a composite number?
True
Let k = -258 - -704. Is k prime?
False
Let l(n) = n. Let m(y) = y + 0*y + 4 - 7 - 3*y. Let z(h) = 2*l(h) - m(h). Is z(9) a prime number?
False
Let p(o) = -11*o**3 + 3*o**2 + 4*o + 1. Let j(f) = -f**3 - f**2 - f. Let q(n) = 6*j(n) + p(n). Is q(-2) composite?
True
Suppose -6 = 4*k - 7*k. Suppose k*z + 7 = 45. Let n = 4 + z. Is n a prime number?
True
Let c(g) = -g - 1. Let j be c(-4). Suppose -2*d = 3*d - 15. Suppose k = -d*r - j + 19, -r = -3*k - 12. Is r a composite number?
True
Let s(p) = -738*p - 89. Is s(-5) composite?
True
Is (-6 + 3 - -2) + 770 composite?
False
Let k(l) = 95*l**2 - 3*l - 2. Let t be k(7). Is t/15 + (-2)/(-10) prime?
False
Let a(h) = -h**3 + 11*h**2 + 9*h + 12. Is a(11) a composite number?
True
Suppose -5*k + 3*k = -12. Let q be (-2 - (-20)/k)*3. Let g(h) = 2*h - 1. Is g(q) a prime number?
True
Let q(y) = 12*y**3 - y**2 - 2*y - 1. Is q(4) a composite number?
False
Suppose 3*w - 4675 = w - 5*l, -4*w + 5*l + 9335 = 0. Is w a prime number?
False
Suppose 0 = 2*n - n - 2. Let h be (n - (-204)/1)/1. Suppose 0 = -3*f + 1 + h. Is f a composite number?
True
Suppose -3622 = 7*b - 9971. Is b composite?
False
Suppose 4*z = 48 + 900. Is z prime?
False
Suppose 3*c + 7 = -20. Let j = c - -28. Is j composite?
False
Let x(j) = 0*j + 1 + 3*j - j. Let l be x(1). Suppose 0*o - 5*o = l*h - 59, 2*o + 5*h - 16 = 0. Is o composite?
False
Let j = 0 + 4. Suppose 0*g = r - j*g + 5, r - 22 = -5*g. Is r a composite number?
False
Suppose -6 = -0*s - 3*s. Let h(i) = 3*i**3 + 3 + 2*i + 8*i**2 - 2 - s*i**3 - 3. Is h(-3) a prime number?
True
Let b(h) = -25*h - 2. Is b(-9) a composite number?
False
Suppose 0 = 4*l + l + 5. Is (-3)/l*22/3 a composite number?
True
Suppose -429 - 26 = -5*b. Suppose -3*u + 4 = 3*z + z, 5*z - 12 = -2*u. Suppose 97 = 5*a - 2*i, -4*i + b = a + z*a. Is a composite?
False
Suppose -26*h = -21*h - 2865. Is h a prime number?
False
Suppose -t = -0*t - 3*n + 2498, 3*t - 5*n = -7478. Let m = -1689 - t. Is m a composite number?
False
Let x(f) = 54*f**3 + 2*f**2 - 3*f + 5. Is x(2) prime?
True
Is (-142779)/(-78)*((-2)/(-1) + 0) prime?
False
Suppose h - 14 = -h. Let s = -1 + h. Is s prime?
False
Suppose 679 = 3*k - 2*n - 0*n, 3*k + 5*n - 644 = 0. Is k composite?
False
Let v be 7/(-1) + 0/(-1). Let f be 14*-1*6/v. Let j = f + 21. Is j composite?
True
Let p(m) = 2*m**3 - 2*m**2 + 5*m - 4. Suppose 2*u - 12 = 4*k, -5*u + 0*u + 20 = -5*k. Let l(j) = -j**2 + 3*j + 1. Let y be l(u). Is p(y) composite?
False
Let i = 750 + 1405. Is i composite?
True
Is (0 - -1)*(3 + 560) composite?
False
Let t be (-1 - -1)/(-3 + 4). Suppose 4*l - 21 = -3*w, 35 = 5*w - t*l - 2*l. Is w a prime number?
True
Is (0 - (-1)/(-2))*2712/(-6) a composite number?
True
Let w(n) = -147*n + 1. Let u be w(-1). Let k = -29 + u. Is k composite?
True
Suppose -2*y + 7*y - w + 31 = 0, 0 = -3*y - 3*w - 15. Let s = 4 + y. Is (s/5)/(1/(-25)) a prime number?
False
Let x = -1951 - -2738. Is x a composite number?
False
Let o(f) = -6*f + 98. Is o(14) a prime number?
False
Let j = -1 - -1. Suppose -y + j = -3. Let r = -1 + y. Is r composite?
False
Suppose 0*w - w + 5*o + 5412 = 0, 5*w = -5*o + 27210. Is w a composite number?
False
Let g be (-4 + 4)*(-3)/6. Suppose 13 = 4*i + 1, u + 3*i - 34 = g. Is u a composite number?
True
Suppose 2*l = -i + 9, 0 = -i + 4*i - 4*l + 13. Is (116 - (6 + -3))/i prime?
True
Suppose -133 = -3*b